culate the highest common divisor of 24 and q.
12
Suppose -32 = -4*q - 4. Suppose q = -4*t - 5, -2*t = -3*g + 258. Let a(c) = 3*c**3 - 2*c + 1. Let m be a(2). Calculate the greatest common factor of m and g.
21
Let h = -4158 + 4408. Let j be (1 + 3)*(-3)/(-3). Suppose 0 = -5*c - j*k + 424, 3*c - k - k - h = 0. Calculate the greatest common factor of 63 and c.
21
Let u(i) = -6*i**2 - 11*i - 5. Let w be u(2). Let v be 532 - (-3)/(-2)*(-136)/w. Let z = 77 + -29. Calculate the greatest common divisor of v and z.
48
Suppose -38*k - 36 = -35*k. Let l be 109/3 - 8/k. What is the highest common divisor of 74 and l?
37
Suppose -4*m + 20 = 4*i, m + 15 - 20 = 0. Suppose -20*k + 0 + 400 = i. What is the highest common factor of 430 and k?
10
Suppose -90 = -3*a - 48. Suppose -7 = 4*n - 23. Let m be n/5*945/6. What is the highest common divisor of a and m?
14
Let c = 3725 + -3687. What is the greatest common factor of 1007 and c?
19
Let z = -124 + 129. Suppose z*x + 2*x = 140. Suppose x*s - 8*s = 12. Calculate the highest common factor of s and 5.
1
Suppose 0 = -112*g + 116*g - 1800. Calculate the highest common divisor of g and 400.
50
Let y be 42/70 - (-1007)/5. Let w = y - 118. Let c(z) = -z**3 + 18*z**2 + 43*z - 48. Let n be c(20). What is the greatest common factor of n and w?
12
Let d be 3900/(-30)*2/(-4). Calculate the greatest common factor of d and 559.
13
Let c be (7 + -1)/((-5)/30). Let q = c + 68. Suppose -2*d = 3*p + 2*d - 23, -q = -4*p - 5*d. What is the highest common factor of p and 143?
13
Let p(g) = -5*g + g**2 - 2*g + 11*g - 6*g. Let u be p(2). Suppose 4*v = -0*v - 3*a + 24, v + 5*a - 6 = u. What is the highest common factor of 3 and v?
3
Let t(r) be the first derivative of 9*r**2/2 + 20*r - 69. Let o be t(-2). Calculate the greatest common divisor of o and 118.
2
Let c(i) = 37*i + 323. Let j be c(0). Calculate the greatest common divisor of 57 and j.
19
Let v(a) = -a**3 - 29*a**2 + 32*a + 83. Let s be v(-30). Let b(q) = -2*q + 31. Let j be b(14). What is the highest common factor of s and j?
1
Let n = -103 - -106. Suppose 204 = 5*g - j, 0 = -8*g + 3*g + n*j + 202. Calculate the highest common factor of 451 and g.
41
Let b = -530 - -1404. Calculate the greatest common divisor of 304 and b.
38
Suppose 122*h = 4*h + 34338. Calculate the greatest common factor of 2 and h.
1
Suppose -2*q = 3*r - 4190, -2*r + 4*q + q + 2825 = 0. What is the greatest common divisor of r and 210?
70
Let w(i) = -i**3 + 15*i**2 + 16*i + 29. Let c be w(16). What is the greatest common divisor of c and 3683?
29
Let f = -2737 + 2776. Calculate the greatest common factor of f and 975.
39
Suppose -2*m = -2*n + 324, -15*n + 11*n = -5*m - 642. Calculate the greatest common divisor of n and 49.
7
Suppose -288*c = -178*c - 140800. What is the greatest common factor of 20 and c?
20
Let q = -9269 + 10171. What is the greatest common factor of 66 and q?
22
Suppose -q + 5 = -0. Suppose -21 = -c - 4*i, 2*c + 0*i - 36 = -q*i. Let o be (-44)/4 + (-230)/(-2). What is the highest common factor of c and o?
13
Let h = -3 + 1. Let w be 14 - (h + 1)*1. Suppose i = -7*a + 242, 26*i - 23*i - 451 = 4*a. Calculate the greatest common factor of i and w.
15
Let q = 4315 + -766. Calculate the highest common divisor of 13 and q.
13
Suppose 0 = m - z - 358, 0 = 395*m - 390*m - 3*z - 1794. Calculate the greatest common divisor of 400 and m.
40
Suppose 4*t = q - 0*t - 3, -t = -q + 9. Let m be -4*(2 + -4 - 0). Let b(p) = p + 47. Let h be b(m). What is the greatest common divisor of q and h?
11
Let r = -243 - -351. Calculate the greatest common divisor of 684 and r.
36
Let g be ((6/10)/(96/6976))/(2/40). Calculate the highest common divisor of 72 and g.
8
Let w = -63 + 67. Let y(g) = 10*g**2 - 15*g + 4. Let x be y(w). What is the greatest common factor of x and 8?
8
Let i = -77 + 76. Let x be (i/((-15)/(-63)))/((-12)/40). Calculate the greatest common divisor of 63 and x.
7
Let p be (-24)/(-2) - (-1 - 4/(-4)). Let d(u) = -u**3 + 3*u**2 + 8*u. Let j be d(-2). Suppose -j*z = -35 + 11. Calculate the greatest common divisor of p and z.
6
Let g(s) = -26*s**3 + 156*s**2 + 4*s - 23. Let h be g(6). Calculate the greatest common factor of h and 133.
1
Let u(o) = -8*o**2 - 1541*o + 100. Let w be u(-172). What is the highest common factor of 64 and w?
64
Let m be 110/6 - (-6)/(-18). Let r be 0 + 1246/m + 12/(-54). Suppose 4*x = 2*x + 3*t + r, 0 = 5*x + 4*t - 161. What is the highest common divisor of x and 165?
33
Suppose 9399 = 13*d + 8073. Suppose -3*h + 198 = -261. What is the highest common factor of d and h?
51
Let w(c) be the third derivative of c**5/20 + 19*c**4/24 + 2*c**3/3 + 2*c**2. Let d be w(3). Calculate the highest common divisor of 11 and d.
11
Suppose -4 = -7*d + 38. Let y(u) = -u**2 - 22*u - 30. Let c be (426/8)/(-3) - (-5)/(-20). Let k be y(c). Calculate the highest common factor of k and d.
6
Suppose 0 = 448*v - 293*v - 276520. Calculate the greatest common divisor of 3791 and v.
223
Suppose -5*z + 4*o = -276, -12*z = -16*z + 5*o + 210. Calculate the greatest common factor of z and 18510.
30
Let p be (24/(-10))/3 + ((-45656)/(-65))/8. What is the greatest common factor of 87 and p?
87
Let s be 144/80 + (-3668)/35. Suppose -252 = -q + 4*q. Let v = q - s. What is the greatest common divisor of v and 190?
19
Suppose 0 = i - 49 - 24. Let f = -111361 - -111653. Calculate the highest common factor of i and f.
73
Suppose -4*s = 2*h - 3184, 3*h - 5021 + 269 = -2*s. Calculate the greatest common divisor of h and 60.
20
Suppose 0 = 15*i - 17*i + 250. Suppose 5*n = b - 147, -5*b - 4*n + 3*n = -605. Suppose 0 = i*w - b*w - 1377. Calculate the greatest common factor of 51 and w.
51
Let i(l) = 4*l - 15. Let k be i(6). Suppose 0 = -34*a - k*a + 1376. Calculate the greatest common divisor of 2 and a.
2
Let j(r) = r + 1. Let m be j(1). Suppose -5*w = -4*t + 82, 78 = 5*t - t - 3*w. Suppose 0 = -5*y + 7 + t. What is the highest common divisor of m and y?
1
Let r be ((-5)/((-30)/(-351)))/(7/(-14)). Let k = r - 103. Suppose 3*i - 4*i + 35 = 0. What is the highest common divisor of k and i?
7
Let m(t) = -t**2 + 2*t + 12. Let u be m(9). Let f be (6 - u) + 1*-3. Suppose -98*p + 20*p = -468. Calculate the highest common factor of f and p.
6
Suppose 313*d - 324 = 304*d. Calculate the highest common factor of 3 and d.
3
Let y = 15253 + -15013. Calculate the greatest common factor of y and 825.
15
Suppose 17 = 7*f - 39. Suppose -3*n = 12, -3*m + 3*n + 170 = -34. What is the greatest common factor of f and m?
8
Let n = -16364 - -23353. What is the greatest common divisor of 29 and n?
29
Suppose -6*j = -2*j - 48. Let i be 2 - (-54)/(-24) - (-507)/j. Calculate the greatest common factor of 56 and i.
14
Let a = -133 - -102. Let x(u) = u**2 + 26*u + 27. Let g be x(a). What is the greatest common divisor of g and 26?
26
Let d = -5156 - -5788. Calculate the greatest common divisor of d and 711.
79
Let b = 120 - 115. Suppose -y = -17*u + 21*u - 117, 0 = -b*y + u + 522. Calculate the greatest common divisor of y and 5.
5
Suppose 112 = 4*w - 4*k, 301*w + 2*k = 306*w - 116. What is the greatest common factor of w and 1490?
10
Suppose -84*p = -41*p - 319576. What is the highest common divisor of p and 8?
8
Let k be 3262/10 - (-524)/655. What is the highest common divisor of 14606 and k?
109
Suppose -2*u - 4*y + 145 = -147, 0 = u - 5*y - 167. What is the highest common factor of 133 and u?
19
Let h be -25 + 25 + 3*-94. Let y = 323 + h. Calculate the greatest common divisor of 41 and y.
41
Suppose 4 = 4*q - 2*g - 6, -q - 4*g + 25 = 0. Let o be q - (-501 + 30/(-5)). What is the greatest common factor of 32 and o?
32
Let c be (7/(-21))/(2/36*-2). Suppose 4*r - 108 = u, c*u - 37 = -4*r + 87. Calculate the highest common factor of r and 364.
28
Let p = 174 - -554. Suppose p = 20*v - 16*v. Calculate the greatest common divisor of 52 and v.
26
Suppose -3*i = 3*k - 4368, 7*k - 2*k - 7483 = 24*i. What is the highest common divisor of k and 532?
133
Let q = -1845 - -1849. Let f be (36/(-5))/(3/15). Let c be (f/(-14))/((-1)/(-14)). Calculate the greatest common divisor of c and q.
4
Let l(s) = s**2 - 5*s - 4. Suppose k = 3*k - 10. Let h be l(k). Let n(g) = 2*g**2 + 2*g - 16. Let u be n(h). What is the greatest common factor of 12 and u?